{"id":449,"date":"2025-01-24T07:08:56","date_gmt":"2025-01-24T07:08:56","guid":{"rendered":"https:\/\/sendreniverde.ro\/?page_id=449"},"modified":"2025-04-15T13:27:42","modified_gmt":"2025-04-15T13:27:42","slug":"tema-6-utilizarea-resurselor-naturale","status":"publish","type":"page","link":"https:\/\/sendreniverde.ro\/index.php\/tema-6-utilizarea-resurselor-naturale\/","title":{"rendered":"Tema 6 &#8211; Beneficiile utilizarii de resurse regenerabile naturale"},"content":{"rendered":"\n<p>Soarele, apa, aerul, m\u0103rile, oceanele, chiar \u0219i de\u0219eurile care se pot composta sunt surse naturale de energie care \u00een viitor vor salva planeta \u00eenlocuind astfel resursele neregenerabile \u0219i combustibilii fosili.<\/p>\n\n\n\n<p>25 de elevi de la <a href=\"https:\/\/www.facebook.com\/profile.php?id=100071048568384&amp;__cft__%5b0%5d=AZWyYzaWfbUlQZUWxvI8QgPntOumy-FEWLxtCkeZh0wGeW0KwiZ2-scINwihRbFbV2qNkCx7AdA5-YoYDMv5MBdolV4Qzj7hKUQaOwvQjTwBfvcm8Hvo9chWAOGyw7og2g4ycDUCMNp1P0gBpK2StUSbM1ylgej4Y7SGUtkrV96hKPKlStONsa4HSSaOotKu6rbws6_IIO7hkP_gLCgOZ1eb&amp;__tn__=-%5dK-R\"><strong>Scoala Gimnaziala &#8221; Unirea&#8221; Branistea<\/strong><\/a> au participat activ la seminarul nostru unde am discutat deschis despre aceste resurse pe care trebuie s\u0103 le punem mai mult \u00een valoare.<\/p>\n\n\n\n<p>\u00centreb\u0103rile \u0219i r\u0103spunsurile au f\u0103cut din acest seminar unul interactiv, plin de curiozitate \u0219i interes. Energia verde este viitorul Planetei!<\/p>\n\n\n\n<p>&#8211;&#8211;&#8211;&#8211;&#8211;&#8211;&#8211;&#8211;&#8211;&#8211;&#8211;&#8211;&#8211;&#8211;&#8211;&#8211;&#8211;&#8211;&#8211;&#8211;&#8211;&#8211;&#8211;&#8211;&#8211;<\/p>\n\n\n\n<p>Proiectul &#8222;Organizarea \u0219i derularea campaniilor de con\u0219tientizare a publicului privind protec\u021bia mediului \u00een parteneriat cu UAT Comuna \u0218endreni&#8221; este finan\u021bat prin <a href=\"https:\/\/www.facebook.com\/profile.php?id=100064892042624&amp;__cft__%5b0%5d=AZWyYzaWfbUlQZUWxvI8QgPntOumy-FEWLxtCkeZh0wGeW0KwiZ2-scINwihRbFbV2qNkCx7AdA5-YoYDMv5MBdolV4Qzj7hKUQaOwvQjTwBfvcm8Hvo9chWAOGyw7og2g4ycDUCMNp1P0gBpK2StUSbM1ylgej4Y7SGUtkrV96hKPKlStONsa4HSSaOotKu6rbws6_IIO7hkP_gLCgOZ1eb&amp;__tn__=-%5dK-R\"><strong>Administratia Fondului pentru Mediu<\/strong><\/a>, cod proiect: 484\/H\/15.05.2024<\/p>\n\n\n\n<p><a href=\"https:\/\/www.facebook.com\/hashtag\/gal?__eep__=6&amp;__cft__%5b0%5d=AZWyYzaWfbUlQZUWxvI8QgPntOumy-FEWLxtCkeZh0wGeW0KwiZ2-scINwihRbFbV2qNkCx7AdA5-YoYDMv5MBdolV4Qzj7hKUQaOwvQjTwBfvcm8Hvo9chWAOGyw7og2g4ycDUCMNp1P0gBpK2StUSbM1ylgej4Y7SGUtkrV96hKPKlStONsa4HSSaOotKu6rbws6_IIO7hkP_gLCgOZ1eb&amp;__tn__=*NK-R\"><strong>#GAL<\/strong><\/a> <a href=\"https:\/\/www.facebook.com\/hashtag\/ljs?__eep__=6&amp;__cft__%5b0%5d=AZWyYzaWfbUlQZUWxvI8QgPntOumy-FEWLxtCkeZh0wGeW0KwiZ2-scINwihRbFbV2qNkCx7AdA5-YoYDMv5MBdolV4Qzj7hKUQaOwvQjTwBfvcm8Hvo9chWAOGyw7og2g4ycDUCMNp1P0gBpK2StUSbM1ylgej4Y7SGUtkrV96hKPKlStONsa4HSSaOotKu6rbws6_IIO7hkP_gLCgOZ1eb&amp;__tn__=*NK-R\"><strong>#LJS<\/strong><\/a> <a href=\"https:\/\/www.facebook.com\/hashtag\/energieverde?__eep__=6&amp;__cft__%5b0%5d=AZWyYzaWfbUlQZUWxvI8QgPntOumy-FEWLxtCkeZh0wGeW0KwiZ2-scINwihRbFbV2qNkCx7AdA5-YoYDMv5MBdolV4Qzj7hKUQaOwvQjTwBfvcm8Hvo9chWAOGyw7og2g4ycDUCMNp1P0gBpK2StUSbM1ylgej4Y7SGUtkrV96hKPKlStONsa4HSSaOotKu6rbws6_IIO7hkP_gLCgOZ1eb&amp;__tn__=*NK-R\"><strong>#EnergieVerde<\/strong><\/a> <a href=\"https:\/\/www.facebook.com\/hashtag\/afm?__eep__=6&amp;__cft__%5b0%5d=AZWyYzaWfbUlQZUWxvI8QgPntOumy-FEWLxtCkeZh0wGeW0KwiZ2-scINwihRbFbV2qNkCx7AdA5-YoYDMv5MBdolV4Qzj7hKUQaOwvQjTwBfvcm8Hvo9chWAOGyw7og2g4ycDUCMNp1P0gBpK2StUSbM1ylgej4Y7SGUtkrV96hKPKlStONsa4HSSaOotKu6rbws6_IIO7hkP_gLCgOZ1eb&amp;__tn__=*NK-R\"><strong>#AFM<\/strong><\/a> <a href=\"https:\/\/www.facebook.com\/hashtag\/seminar?__eep__=6&amp;__cft__%5b0%5d=AZWyYzaWfbUlQZUWxvI8QgPntOumy-FEWLxtCkeZh0wGeW0KwiZ2-scINwihRbFbV2qNkCx7AdA5-YoYDMv5MBdolV4Qzj7hKUQaOwvQjTwBfvcm8Hvo9chWAOGyw7og2g4ycDUCMNp1P0gBpK2StUSbM1ylgej4Y7SGUtkrV96hKPKlStONsa4HSSaOotKu6rbws6_IIO7hkP_gLCgOZ1eb&amp;__tn__=*NK-R\"><strong>#Seminar<\/strong><\/a> <a href=\"https:\/\/www.facebook.com\/hashtag\/educa%C8%9Bie?__eep__=6&amp;__cft__%5b0%5d=AZWyYzaWfbUlQZUWxvI8QgPntOumy-FEWLxtCkeZh0wGeW0KwiZ2-scINwihRbFbV2qNkCx7AdA5-YoYDMv5MBdolV4Qzj7hKUQaOwvQjTwBfvcm8Hvo9chWAOGyw7og2g4ycDUCMNp1P0gBpK2StUSbM1ylgej4Y7SGUtkrV96hKPKlStONsa4HSSaOotKu6rbws6_IIO7hkP_gLCgOZ1eb&amp;__tn__=*NK-R\"><strong>#Educa\u021bie<\/strong><\/a> <a href=\"https:\/\/www.facebook.com\/hashtag\/natura?__eep__=6&amp;__cft__%5b0%5d=AZWyYzaWfbUlQZUWxvI8QgPntOumy-FEWLxtCkeZh0wGeW0KwiZ2-scINwihRbFbV2qNkCx7AdA5-YoYDMv5MBdolV4Qzj7hKUQaOwvQjTwBfvcm8Hvo9chWAOGyw7og2g4ycDUCMNp1P0gBpK2StUSbM1ylgej4Y7SGUtkrV96hKPKlStONsa4HSSaOotKu6rbws6_IIO7hkP_gLCgOZ1eb&amp;__tn__=*NK-R\"><strong>#Natura<\/strong><\/a><\/p>\n\n\n\n<p><strong>Tema 6<\/strong> &#8211; <strong>24.10.2024 \u2013 <\/strong>a fost realizat\u0103 tema<strong> Beneficiile utiliz\u0103rii de resurse naturale regenerabile\/ importan\u0163a energiei verzi ce const\u0103 \u00een organizarea unui seminar<\/strong> cu privire la beneficiile utiliz\u0103rii de resurse naturale regenerabile \u0219i importan\u021ba energiei verzi pentru mediu cu participarea a 25 copii.<\/p>\n\n\n\n<p><strong>Activit\u0103\u021bile \u00eentreprinse pentru realizarea acesteia:<\/strong><\/p>\n\n\n\n<p>&#8211;&nbsp; <strong>Realizarea planului de activit\u0103\u021bi<\/strong>: A fost elaborat un plan detaliat de activit\u0103\u021bi destinat copiilor care particip\u0103 la seminar. Acest plan a fost conceput pentru a asigura o experien\u021b\u0103 educativ\u0103 captivant\u0103 \u0219i interactiv\u0103, incluz\u00e2nd diverse sesiuni \u0219i activit\u0103\u021bi care s\u0103 r\u0103spund\u0103 nevoilor \u0219i intereselor elevilor. Fiecare activitate a fost atent selec\u021bionat\u0103 pentru a promova \u00eenv\u0103\u021barea prin experien\u021b\u0103 \u0219i pentru a facilita discu\u021bii \u00eentre participan\u021bi, astfel \u00eenc\u00e2t s\u0103 contribuie la dezvoltarea abilit\u0103\u021bilor sociale \u0219i de colaborare.<\/p>\n\n\n\n<p>&#8211; <strong>Asigurarea desf\u0103\u0219ur\u0103rii seminarului<\/strong>: Managerul a verificat c\u0103 formatorul responsabil va sus\u021bine seminarul conform programului stabilit. Aceasta a implicat confirmarea preg\u0103tirii acestuia, inclusiv a materialelor didactice \u0219i a con\u021binutului pe care \u00eel va prezenta. De asemenea, managerul s-a asigurat c\u0103 toate documentele de promovare, precum pliantele \u0219i afi\u0219ele informative, sunt disponibile \u0219i preg\u0103tite pentru a fi distribuite, astfel \u00eenc\u00e2t s\u0103 maximizeze vizibilitatea \u0219i participarea la seminar.<\/p>\n\n\n\n<ul class=\"wp-block-list\">\n<li>25 copii implica\u021bi \u00een activit\u0103\u021bi<\/li>\n\n\n\n<li>25 diplome oferite copiilor<\/li>\n\n\n\n<li>25 materiale informative distribuite copiilor implica\u021bi<\/li>\n\n\n\n<li>25 pachete distribuite cu m\u00e2ncare<\/li>\n\n\n\n<li>1 \u0219coal\u0103 implicat\u0103<\/li>\n\n\n\n<li>1 prezentare problem\u0103 de mediu \u2013 <strong>Beneficiile utiliz\u0103rii de resurse naturale regenerabile\/ importan\u0163a energiei verzi.<\/strong><\/li>\n<\/ul>\n\n\n\n<p><strong>Impactul activit\u0103\u021bii \u201eBeneficiile utiliz\u0103rii de resurse naturale regenerabile \/ Importan\u021ba energiei verzi\u201d<\/strong><\/p>\n\n\n\n<p>Seminarul organizat cu participarea a 25 de copii a avut un impact semnificativ asupra \u00een\u021belegerii \u0219i con\u0219tientiz\u0103rii importan\u021bei utiliz\u0103rii resurselor regenerabile \u0219i a energiei verzi pentru protejarea mediului.<\/p>\n\n\n\n<p><strong>Impact asupra participan\u021bilor:<\/strong><\/p>\n\n\n\n<ol start=\"1\" class=\"wp-block-list\">\n<li><strong>Cre\u0219terea con\u0219tientiz\u0103rii ecologice:<\/strong>\n<ul class=\"wp-block-list\">\n<li>Copiii au \u00eenv\u0103\u021bat despre tipurile de resurse naturale regenerabile, cum ar fi energia solar\u0103, eolian\u0103, hidroenergia \u0219i biomasa.<\/li>\n\n\n\n<li>Au \u00een\u021beles rolul acestor resurse \u00een reducerea polu\u0103rii \u0219i \u00een combaterea schimb\u0103rilor climatice.<\/li>\n<\/ul>\n<\/li>\n\n\n\n<li><strong>Stimularea interesului pentru tehnologiile verzi:<\/strong>\n<ul class=\"wp-block-list\">\n<li>Prin exemple \u0219i demonstra\u021bii interactive, participan\u021bii au descoperit cum func\u021bioneaz\u0103 panourile solare, turbinele eoliene \u0219i alte tehnologii sustenabile.<\/li>\n\n\n\n<li>Seminarul a trezit curiozitatea copiilor fa\u021b\u0103 de inova\u021biile tehnologice care contribuie la un mediu mai curat.<\/li>\n<\/ul>\n<\/li>\n\n\n\n<li><strong>Promovarea comportamentului responsabil:<\/strong>\n<ul class=\"wp-block-list\">\n<li>Copiii au fost \u00eencuraja\u021bi s\u0103 adopte obiceiuri ecologice, cum ar fi economisirea energiei \u0219i utilizarea surselor alternative \u00een via\u021ba de zi cu zi.<\/li>\n<\/ul>\n<\/li>\n<\/ol>\n\n\n\n<p><strong>Impact asupra comunit\u0103\u021bii:<\/strong><\/p>\n\n\n\n<ol start=\"1\" class=\"wp-block-list\">\n<li><strong>Educa\u021bie indirect\u0103:<\/strong>\n<ul class=\"wp-block-list\">\n<li>Participan\u021bii au \u00eemp\u0103rt\u0103\u0219it informa\u021biile \u00eenv\u0103\u021bate cu familiile \u0219i colegii lor, extinz\u00e2nd impactul seminarului la nivelul comunit\u0103\u021bii.<\/li>\n\n\n\n<li>Mesajele despre importan\u021ba energiei verzi au contribuit la crearea unei culturi ecologice \u00een r\u00e2ndul comunit\u0103\u021bii locale.<\/li>\n<\/ul>\n<\/li>\n\n\n\n<li><strong>\u00cencurajarea unei perspective pe termen lung:<\/strong>\n<ul class=\"wp-block-list\">\n<li>Seminarul a eviden\u021biat beneficiile economice \u0219i ecologice ale utiliz\u0103rii resurselor regenerabile, motiv\u00e2nd comunitatea s\u0103 exploreze solu\u021bii sustenabile.<\/li>\n<\/ul>\n<\/li>\n\n\n\n<li><strong>Consolidarea rela\u021biilor \u00eentre participan\u021bi:<\/strong>\n<ul class=\"wp-block-list\">\n<li>Activitatea a oferit un spa\u021biu de dialog \u0219i colaborare, unde copiii au schimbat idei \u0219i au \u00eenv\u0103\u021bat unii de la al\u021bii despre protec\u021bia mediului.<\/li>\n<\/ul>\n<\/li>\n<\/ol>\n\n\n\n<p class=\"has-text-align-center\"><strong><em>Fotografiile au fost realizate profesional de c\u0103tre societatea LORDALEXA SRL.<\/em><\/strong><\/p>\n\n\n\n<p><strong><em>Galerie foto: <\/em><\/strong><\/p>\n\n\n\n<figure class=\"wp-block-gallery has-nested-images columns-default is-cropped wp-block-gallery-1 is-layout-flex wp-block-gallery-is-layout-flex\">\n<figure class=\"wp-block-image size-large\"><img fetchpriority=\"high\" decoding=\"async\" width=\"1024\" height=\"685\" data-id=\"529\" src=\"https:\/\/sendreniverde.ro\/wp-content\/uploads\/2025\/01\/Picture1-5-1024x685.jpg\" alt=\"\" class=\"wp-image-529\" srcset=\"https:\/\/sendreniverde.ro\/wp-content\/uploads\/2025\/01\/Picture1-5-1024x685.jpg 1024w, https:\/\/sendreniverde.ro\/wp-content\/uploads\/2025\/01\/Picture1-5-300x201.jpg 300w, https:\/\/sendreniverde.ro\/wp-content\/uploads\/2025\/01\/Picture1-5-768x513.jpg 768w, https:\/\/sendreniverde.ro\/wp-content\/uploads\/2025\/01\/Picture1-5.jpg 1430w\" sizes=\"(max-width: 1024px) 100vw, 1024px\" \/><\/figure>\n\n\n\n<figure class=\"wp-block-image size-large\"><img decoding=\"async\" width=\"1024\" height=\"579\" data-id=\"528\" src=\"https:\/\/sendreniverde.ro\/wp-content\/uploads\/2025\/01\/Picture2-7-1024x579.jpg\" alt=\"\" class=\"wp-image-528\" srcset=\"https:\/\/sendreniverde.ro\/wp-content\/uploads\/2025\/01\/Picture2-7-1024x579.jpg 1024w, https:\/\/sendreniverde.ro\/wp-content\/uploads\/2025\/01\/Picture2-7-300x170.jpg 300w, https:\/\/sendreniverde.ro\/wp-content\/uploads\/2025\/01\/Picture2-7-768x434.jpg 768w, https:\/\/sendreniverde.ro\/wp-content\/uploads\/2025\/01\/Picture2-7.jpg 1430w\" sizes=\"(max-width: 1024px) 100vw, 1024px\" \/><\/figure>\n\n\n\n<figure class=\"wp-block-image size-large\"><img decoding=\"async\" width=\"1024\" height=\"685\" data-id=\"530\" src=\"https:\/\/sendreniverde.ro\/wp-content\/uploads\/2025\/01\/Picture3-7-1024x685.jpg\" alt=\"\" class=\"wp-image-530\" srcset=\"https:\/\/sendreniverde.ro\/wp-content\/uploads\/2025\/01\/Picture3-7-1024x685.jpg 1024w, https:\/\/sendreniverde.ro\/wp-content\/uploads\/2025\/01\/Picture3-7-300x201.jpg 300w, https:\/\/sendreniverde.ro\/wp-content\/uploads\/2025\/01\/Picture3-7-768x513.jpg 768w, https:\/\/sendreniverde.ro\/wp-content\/uploads\/2025\/01\/Picture3-7.jpg 1430w\" sizes=\"(max-width: 1024px) 100vw, 1024px\" \/><\/figure>\n\n\n\n<figure class=\"wp-block-image size-large\"><img loading=\"lazy\" decoding=\"async\" width=\"1024\" height=\"685\" data-id=\"527\" src=\"https:\/\/sendreniverde.ro\/wp-content\/uploads\/2025\/01\/Picture4-7-1024x685.jpg\" alt=\"\" class=\"wp-image-527\" srcset=\"https:\/\/sendreniverde.ro\/wp-content\/uploads\/2025\/01\/Picture4-7-1024x685.jpg 1024w, https:\/\/sendreniverde.ro\/wp-content\/uploads\/2025\/01\/Picture4-7-300x201.jpg 300w, https:\/\/sendreniverde.ro\/wp-content\/uploads\/2025\/01\/Picture4-7-768x513.jpg 768w, https:\/\/sendreniverde.ro\/wp-content\/uploads\/2025\/01\/Picture4-7.jpg 1430w\" sizes=\"(max-width: 1024px) 100vw, 1024px\" \/><\/figure>\n\n\n\n<figure class=\"wp-block-image size-large\"><img loading=\"lazy\" decoding=\"async\" width=\"1024\" height=\"685\" data-id=\"525\" src=\"https:\/\/sendreniverde.ro\/wp-content\/uploads\/2025\/01\/Picture5-6-1024x685.jpg\" alt=\"\" class=\"wp-image-525\" srcset=\"https:\/\/sendreniverde.ro\/wp-content\/uploads\/2025\/01\/Picture5-6-1024x685.jpg 1024w, https:\/\/sendreniverde.ro\/wp-content\/uploads\/2025\/01\/Picture5-6-300x201.jpg 300w, https:\/\/sendreniverde.ro\/wp-content\/uploads\/2025\/01\/Picture5-6-768x513.jpg 768w, https:\/\/sendreniverde.ro\/wp-content\/uploads\/2025\/01\/Picture5-6.jpg 1430w\" sizes=\"(max-width: 1024px) 100vw, 1024px\" \/><\/figure>\n\n\n\n<figure class=\"wp-block-image size-large\"><img loading=\"lazy\" decoding=\"async\" width=\"936\" height=\"702\" data-id=\"526\" src=\"https:\/\/sendreniverde.ro\/wp-content\/uploads\/2025\/01\/Picture6-7.jpg\" alt=\"\" class=\"wp-image-526\" srcset=\"https:\/\/sendreniverde.ro\/wp-content\/uploads\/2025\/01\/Picture6-7.jpg 936w, https:\/\/sendreniverde.ro\/wp-content\/uploads\/2025\/01\/Picture6-7-300x225.jpg 300w, https:\/\/sendreniverde.ro\/wp-content\/uploads\/2025\/01\/Picture6-7-768x576.jpg 768w\" sizes=\"(max-width: 936px) 100vw, 936px\" \/><\/figure>\n\n\n\n<figure class=\"wp-block-image size-large\"><img loading=\"lazy\" decoding=\"async\" width=\"936\" height=\"702\" data-id=\"532\" src=\"https:\/\/sendreniverde.ro\/wp-content\/uploads\/2025\/01\/Picture7-7.jpg\" alt=\"\" class=\"wp-image-532\" srcset=\"https:\/\/sendreniverde.ro\/wp-content\/uploads\/2025\/01\/Picture7-7.jpg 936w, https:\/\/sendreniverde.ro\/wp-content\/uploads\/2025\/01\/Picture7-7-300x225.jpg 300w, https:\/\/sendreniverde.ro\/wp-content\/uploads\/2025\/01\/Picture7-7-768x576.jpg 768w\" sizes=\"(max-width: 936px) 100vw, 936px\" \/><\/figure>\n\n\n\n<figure class=\"wp-block-image size-large\"><img loading=\"lazy\" decoding=\"async\" width=\"768\" height=\"1024\" data-id=\"531\" src=\"https:\/\/sendreniverde.ro\/wp-content\/uploads\/2025\/01\/Picture8-6-768x1024.jpg\" alt=\"\" class=\"wp-image-531\" srcset=\"https:\/\/sendreniverde.ro\/wp-content\/uploads\/2025\/01\/Picture8-6-768x1024.jpg 768w, https:\/\/sendreniverde.ro\/wp-content\/uploads\/2025\/01\/Picture8-6-225x300.jpg 225w, https:\/\/sendreniverde.ro\/wp-content\/uploads\/2025\/01\/Picture8-6.jpg 936w\" sizes=\"(max-width: 768px) 100vw, 768px\" \/><\/figure>\n\n\n\n<figure class=\"wp-block-image size-large\"><img loading=\"lazy\" decoding=\"async\" width=\"936\" height=\"702\" data-id=\"524\" src=\"https:\/\/sendreniverde.ro\/wp-content\/uploads\/2025\/01\/Picture9-3.jpg\" alt=\"\" class=\"wp-image-524\" srcset=\"https:\/\/sendreniverde.ro\/wp-content\/uploads\/2025\/01\/Picture9-3.jpg 936w, https:\/\/sendreniverde.ro\/wp-content\/uploads\/2025\/01\/Picture9-3-300x225.jpg 300w, https:\/\/sendreniverde.ro\/wp-content\/uploads\/2025\/01\/Picture9-3-768x576.jpg 768w\" sizes=\"(max-width: 936px) 100vw, 936px\" \/><\/figure>\n<\/figure>\n","protected":false},"excerpt":{"rendered":"<p>Soarele, apa, aerul, m\u0103rile, oceanele, chiar \u0219i de\u0219eurile care se pot composta sunt surse naturale de energie care \u00een viitor vor salva planeta \u00eenlocuind astfel resursele neregenerabile \u0219i combustibilii fosili. 25 de elevi de la Scoala Gimnaziala &#8221; Unirea&#8221; Branistea au participat activ la seminarul nostru unde am discutat deschis despre aceste resurse pe care [&hellip;]<\/p>\n","protected":false},"author":1,"featured_media":0,"parent":0,"menu_order":0,"comment_status":"closed","ping_status":"closed","template":"","meta":{"footnotes":""},"class_list":["post-449","page","type-page","status-publish","hentry"],"_links":{"self":[{"href":"https:\/\/sendreniverde.ro\/index.php\/wp-json\/wp\/v2\/pages\/449","targetHints":{"allow":["GET"]}}],"collection":[{"href":"https:\/\/sendreniverde.ro\/index.php\/wp-json\/wp\/v2\/pages"}],"about":[{"href":"https:\/\/sendreniverde.ro\/index.php\/wp-json\/wp\/v2\/types\/page"}],"author":[{"embeddable":true,"href":"https:\/\/sendreniverde.ro\/index.php\/wp-json\/wp\/v2\/users\/1"}],"replies":[{"embeddable":true,"href":"https:\/\/sendreniverde.ro\/index.php\/wp-json\/wp\/v2\/comments?post=449"}],"version-history":[{"count":5,"href":"https:\/\/sendreniverde.ro\/index.php\/wp-json\/wp\/v2\/pages\/449\/revisions"}],"predecessor-version":[{"id":620,"href":"https:\/\/sendreniverde.ro\/index.php\/wp-json\/wp\/v2\/pages\/449\/revisions\/620"}],"wp:attachment":[{"href":"https:\/\/sendreniverde.ro\/index.php\/wp-json\/wp\/v2\/media?parent=449"}],"curies":[{"name":"wp","href":"https:\/\/api.w.org\/{rel}","templated":true}]}}